{"id":237,"date":"2017-07-27T15:36:32","date_gmt":"2017-07-27T13:36:32","guid":{"rendered":"https:\/\/jc-permanent-makeup.de\/?page_id=237"},"modified":"2025-02-09T15:44:39","modified_gmt":"2025-02-09T14:44:39","slug":"was-ist-eigentlich","status":"publish","type":"page","link":"https:\/\/jc-permanent-makeup.de\/?page_id=237","title":{"rendered":"Wissenswertes"},"content":{"rendered":"<p><strong>Permanent Make-up<\/strong><br \/>\nPermanent Make-up von Long-Time-Liner bietet Ihnen eine langanhaltende und pr\u00e4zise Betonung Ihrer Gesichtsz\u00fcge \u2013 ideal f\u00fcr alle, die auf t\u00e4gliches Schminken verzichten und dennoch immer gepflegt aussehen m\u00f6chten. Die Behandlung erfolgt in mehreren Schritten: Zuerst wird eine gr\u00fcndliche Hautanalyse durchgef\u00fchrt, um sicherzustellen, dass die Pigmente optimal zum Hautton passen. Anschlie\u00dfend werden mit einer feinen Nadel microfeine Farbpartikel sanft in die oberste Hautschicht eingebracht. Durch diese Technik, die besonders pr\u00e4zise und schonend ist, bleibt das Make-up \u00fcber viele Jahre hinweg farbintensiv und stabil. Die Pigmente sind wasserfest, wischfest und schwei\u00dfbest\u00e4ndig, sodass das Ergebnis bei jeder Aktivit\u00e4t h\u00e4lt. F\u00fcr eine m\u00f6glichst schmerzfreie Anwendung setzen wir auf moderne Methoden und verwenden nur hochwertige Farben, die f\u00fcr ein nat\u00fcrliches, harmonisches Ergebnis sorgen. Nach der Behandlung ist das Permanent Make-up sofort sichtbar und bedarf nur minimaler Pflege.<\/p>\n<hr \/>\n<p><strong style=\"font-size: revert;\">AQUA FACIAL<\/strong><\/p>\n<p>Das Aqua Facial ist eine innovative Behandlungsmethode, die Ihre Haut tiefenreinigt und sie mit wertvollen Inhaltsstoffen versorgt, um eine frische, gesunde Ausstrahlung zu erzielen. Die Behandlung erfolgt in sechs Schritten, die sorgf\u00e4ltig aufeinander abgestimmt sind, um die Haut von Unreinheiten zu befreien und sie optimal zu pflegen. Zun\u00e4chst werden abgestorbene Hautzellen und Verunreinigungen sanft abgetragen, um die Hautoberfl\u00e4che zu gl\u00e4tten. Ein mildes S\u00e4urepeeling wird aufgetragen, das die Poren \u00f6ffnet und tiefere Ablagerungen aufweicht. Mit einer speziellen Vakuumtechnik werden Unreinheiten und Talg aus den Poren gezogen, bevor hochwirksame Inhaltsstoffe wie Antioxidantien und Feuchtigkeit spendende Substanzen in die Haut eingeschleust werden. Ein Skin Scrubber sorgt f\u00fcr zus\u00e4tzliche Tiefenreinigung und bereitet die Haut optimal auf die abschlie\u00dfende Ultraschallbehandlung vor, die die Durchblutung f\u00f6rdert und die Zellen stimuliert. Das Ergebnis ist eine sichtbar verfeinerte Haut, die sich samtweich anf\u00fchlt und jugendlich strahlt.<\/p>\n<hr \/>\n<p><strong style=\"font-size: revert;\">Permanent Concealer<\/strong><\/p>\n<p>Der Permanent Concealer ist eine effektive Methode zur dauerhaften Kaschierung von dunklen Augenringen und Verf\u00e4rbungen unter den Augen. In der Behandlung werden speziell entwickelte, hautfreundliche Pigmente pr\u00e4zise in die obere Hautschicht eingebracht. Die Pigmente werden f\u00fcr jeden Kunden individuell gemischt und genau auf den Hautton abgestimmt, um ein nat\u00fcrliches, einheitliches Ergebnis zu erzielen. Durch die besonderen Eigenschaften der Pigmente, die vegan, UV-durchl\u00e4ssig und frei von Titaneisenoxid sind, passt sich die behandelte Haut den nat\u00fcrlichen Farbver\u00e4nderungen im Sommer und Winter perfekt an. Die Behandlung erfolgt \u00fcber 2-4 Sitzungen und sorgt f\u00fcr eine Haltbarkeit von bis zu sieben Jahren. Anders als bei herk\u00f6mmlichen Concealern bleibt das Ergebnis best\u00e4ndig, sodass Sie jederzeit frischer und wacher aussehen, ohne sich t\u00e4glich schminken zu m\u00fcssen.<\/p>\n","protected":false},"excerpt":{"rendered":"<p>Permanent Make-up Permanent Make-up von Long-Time-Liner bietet Ihnen eine langanhaltende und pr\u00e4zise Betonung Ihrer Gesichtsz\u00fcge \u2013 ideal f\u00fcr alle, die auf t\u00e4gliches Schminken verzichten und dennoch immer gepflegt aussehen m\u00f6chten. Die Behandlung erfolgt in mehreren Schritten: Zuerst wird eine gr\u00fcndliche Hautanalyse durchgef\u00fchrt, um sicherzustellen, dass die Pigmente optimal zum Hautton passen. Anschlie\u00dfend werden mit einer &hellip; <\/p>\n<p class=\"link-more\"><a href=\"https:\/\/jc-permanent-makeup.de\/?page_id=237\" class=\"more-link\"><span class=\"screen-reader-text\">\u201eWissenswertes\u201c <\/span>weiterlesen<\/a><\/p>\n","protected":false},"author":1,"featured_media":0,"parent":7,"menu_order":0,"comment_status":"closed","ping_status":"closed","template":"","meta":{"_monsterinsights_skip_tracking":false,"_monsterinsights_sitenote_active":false,"_monsterinsights_sitenote_note":"","_monsterinsights_sitenote_category":0,"footnotes":""},"class_list":["post-237","page","type-page","status-publish","hentry"],"aioseo_notices":[],"_links":{"self":[{"href":"https:\/\/jc-permanent-makeup.de\/index.php?rest_route=\/wp\/v2\/pages\/237","targetHints":{"allow":["GET"]}}],"collection":[{"href":"https:\/\/jc-permanent-makeup.de\/index.php?rest_route=\/wp\/v2\/pages"}],"about":[{"href":"https:\/\/jc-permanent-makeup.de\/index.php?rest_route=\/wp\/v2\/types\/page"}],"author":[{"embeddable":true,"href":"https:\/\/jc-permanent-makeup.de\/index.php?rest_route=\/wp\/v2\/users\/1"}],"replies":[{"embeddable":true,"href":"https:\/\/jc-permanent-makeup.de\/index.php?rest_route=%2Fwp%2Fv2%2Fcomments&post=237"}],"version-history":[{"count":12,"href":"https:\/\/jc-permanent-makeup.de\/index.php?rest_route=\/wp\/v2\/pages\/237\/revisions"}],"predecessor-version":[{"id":925,"href":"https:\/\/jc-permanent-makeup.de\/index.php?rest_route=\/wp\/v2\/pages\/237\/revisions\/925"}],"up":[{"embeddable":true,"href":"https:\/\/jc-permanent-makeup.de\/index.php?rest_route=\/wp\/v2\/pages\/7"}],"wp:attachment":[{"href":"https:\/\/jc-permanent-makeup.de\/index.php?rest_route=%2Fwp%2Fv2%2Fmedia&parent=237"}],"curies":[{"name":"wp","href":"https:\/\/api.w.org\/{rel}","templated":true}]}}